
What is the units digit of ((-12)/14)/((-1)/7)?
6
Let l = 390 - 192. What is the hundreds digit of l?
1
Suppose 2*w - l - 1 = 4, -5*w - 5*l + 35 = 0. Let t be 0 + ((-6)/(-1))/(-2). Let b = w - t. What is the units digit of b?
7
Let v(l) = 4*l**2 + 9*l + 1. What is the units digit of v(-4)?
9
What is the tens digit of 46 - 1*(-3 - -4)?
4
What is the tens digit of ((-290)/(-40))/((-2)/(-8))?
2
What is the units digit of (-5)/20 + (-17)/(-4)?
4
Let o = 11 + -19. What is the units digit of 4/2*(-12)/o?
3
Let g = 196 - 9. Suppose -z - 5*b + g = 3*z, -4*b + 86 = 2*z. What is the tens digit of z?
5
Let i(v) = v**3 + 9*v**2 + 2*v - 10. Let h be i(-8). Suppose 4*b + 3*x - 16 = -x, -h = -5*b + x. What is the units digit of b?
7
Let k be (-2)/7 + 132/21. Suppose -3*y + 10*m - 5*m = -17, 0 = 2*y + 2*m - k. Suppose -22 - 7 = -x + y*d, 3*d - 30 = -5*x. What is the units digit of x?
9
Suppose -3*y - 8 = -5*y. Suppose 2*c + 30 = y*a, -37 = -4*a + 5*c - 4. What is the units digit of a?
7
Let j(i) = -i**3 + 6*i**2 - 4*i + 1. Let o be j(5). Let z be -3 + o/(-9)*-30. Suppose 0 = r - z. What is the tens digit of r?
1
Suppose 0 = -4*x + 276 + 104. What is the units digit of x?
5
What is the tens digit of (-1)/10 - 1593/(-30)?
5
Let t(n) = -3*n + 4. Suppose 3*b = -4*w - 25, b - 5*w - 33 = 5*b. What is the units digit of t(b)?
5
Let l be (-3 + 2)*0/(-2). Suppose 0*a - 4*h = a - 8, l = -a + 4*h + 16. What is the tens digit of a?
1
Let x = 9 - 5. Suppose 4*t - v + 54 = 10, -x*v = -3*t - 46. What is the tens digit of 56/5 + 2/t?
1
Let v be 6/21 + (-51)/7. Let z(k) = -3*k**2 - 13*k + 6. Let i(y) = -2*y**2 - 9*y + 4. Let d(r) = 8*i(r) - 5*z(r). What is the units digit of d(v)?
2
Let a(m) be the second derivative of -m**3/6 - 3*m**2/2 + 3*m. Let g be a(-2). Let v(s) = -14*s**3 + 2*s**2 + 2*s + 1. What is the tens digit of v(g)?
1
Suppose -3*w = 2*w. Let c = 7 + w. What is the units digit of c?
7
Let z = -46 + 64. What is the tens digit of z?
1
Let f = -6 + 51. What is the tens digit of f?
4
Let r = -11 - -6. Let s be ((-2)/r)/(5/75). What is the units digit of 4/(-6) - (-16)/s?
2
Let o(b) = -15*b - 3. What is the tens digit of o(-4)?
5
Let f(r) = r + 2. Let m be f(0). Suppose -4*i + 2 = -m. Suppose 2*b - i = 7. What is the units digit of b?
4
Let q(f) = 5*f + 5. What is the units digit of q(5)?
0
Let u(h) = 5*h**3 - h + 1. Let s be u(1). Let b = 5 + s. What is the tens digit of b?
1
Suppose -5 = -3*p + 19. Suppose -5*j - 3 = -p. What is the units digit of j?
1
Let n = 3 + -3. Let k = n - -40. Suppose 0 = 3*f + 2*f - k. What is the units digit of f?
8
Suppose 8 = 3*k - 40. What is the units digit of k?
6
Suppose -3*n - 2 + 8 = 0. Suppose 0 = -2*l + 4*g + 58 - 10, 3*g - 34 = -n*l. What is the units digit of l?
0
Suppose -2*f - 4*g = -60, 0*f + 2*f = 5*g + 105. Suppose 0 = 3*i + i + f. What is the units digit of (-7)/(-5) - (-4)/i?
1
Let s(n) = n**2 - 2*n + 5. Let b be s(-5). Suppose -4*u - b + 148 = 0. What is the units digit of u?
7
Let j(s) = -s - 1. Let t be j(-1). Suppose 2*b = -t*b + 10. What is the units digit of b?
5
Let i(g) = g - 4. Let a be i(7). Let b be 5*(72/10)/(-3). What is the units digit of 22/8 - a/b?
3
Let d be ((-4)/(-3))/(12/18). Suppose 3*q + 2*o - 14 = 0, 3*q - o - d*o = 39. What is the units digit of q?
8
Suppose -18*y - 51 - 3 = 0. Suppose 3*g - g + 28 = 4*r, -3*g = -2*r + 6. What is the units digit of 1/y + 75/r?
8
Suppose 5*q - 7 - 3 = 0. Let u = 3 - q. What is the units digit of u?
1
Suppose 8*u - 968 = -80. What is the tens digit of u?
1
Let m = -5 + 7. Let z = -2 + 3. Let o = m + z. What is the units digit of o?
3
Let a = -53 + 248. What is the hundreds digit of a?
1
Let n(k) = k**2 + 1. Let r be n(1). Let t(p) = -1 + 2 - r - 6*p - p**2. What is the units digit of t(-5)?
4
Suppose 252 = 4*x + 4*q, 2*q + 241 = 5*x - 109. What is the tens digit of x?
6
Suppose 50*g = 54*g - 264. What is the tens digit of g?
6
Suppose 5*x + 2*k - 19 = 0, -17 = -x - 3*x - k. Suppose g = 5*j - 3*g - 46, 15 = 2*j - x*g. What is the units digit of j?
0
Let g(k) = k**3 - 3*k**2 + 4*k + 1. Let l be g(3). Let s be 3 + l + 3 - -1. Suppose r + t - 2 = 0, s = 3*r + 2*r + 3*t. What is the units digit of r?
7
Let h be 6 + (-1)/(1/3). Suppose h*c + t = 31 + 25, 3*t - 66 = -3*c. What is the tens digit of c?
1
Let r(c) = 13*c**2 + 15*c + 5. What is the tens digit of r(-5)?
5
Suppose 3*f + 4*s + 1 = 0, 3*f - 7*f - 4*s = -4. What is the units digit of f?
5
Let k be (-38 - 4)*2/3. Let z = k - -39. What is the tens digit of z?
1
Suppose -37 = -l + a, -l + 2*a + 6 = -36. What is the units digit of l?
2
Let q = -12 - -15. Suppose -j = 5*y - 29, 3*j - 24 = -q*y + 99. What is the tens digit of j?
4
Let a = 19 + -33. Let y = -9 - a. What is the units digit of y?
5
Let g(y) = -y**2 - y + 7. What is the units digit of g(-3)?
1
Suppose 12 = -v + 5*v. Suppose q + 8 = -v*q, -2*q = 4*x - 24. What is the units digit of x?
7
Suppose i + 32 - 154 = 0. What is the tens digit of i?
2
Let o = -45 - -92. Suppose 0 = -5*i - 2*y - 2*y + o, -4*y + 36 = 4*i. What is the tens digit of i?
1
Let x = 3 + -1. Suppose -x*d - 4*g + 2*g + 18 = 0, 4*d = g + 26. What is the units digit of d?
7
Suppose 0 = 4*h - 9*h + 815. What is the hundreds digit of h?
1
Suppose -5*r = -3*r - 870. What is the tens digit of 4/(-36) - r/(-27)?
1
Let l = -21 + 29. Suppose -7 = -5*k + l. Suppose -c + 24 = k*c. What is the units digit of c?
6
Let s = 113 + -35. What is the units digit of s?
8
Let a(g) = 5*g + 1. Let l be a(1). Let y = 11 - l. What is the units digit of y?
5
Let c(b) = 2*b**3 - 3*b**2 + b - 1. Let a be c(2). Suppose -a*t - 4 + 24 = 0. Let r(q) = -q**2 + 8*q - 4. What is the tens digit of r(t)?
1
Let k = 75 - 42. Suppose 2*z - 3*h + 19 = 3*z, -2*z + k = 5*h. What is the units digit of z?
4
Suppose -5*i - y + 2*y + 11 = 0, -3 = -2*i - y. What is the units digit of i + 0 + 0 - -14?
6
Suppose 0 = -u + 7*u - 18. Suppose -4 + 1 = -j, -2*p + j - 3 = 0. Suppose 2*k + k - u = p. What is the units digit of k?
1
Let v(u) = u**2 + 2. Suppose d - 4*w + 15 = 0, 4*d - 2*d = -2*w. What is the units digit of v(d)?
1
What is the units digit of 1*(-4)/(-8)*50?
5
Suppose 0 = 3*m + 5 + 1. Let h(w) = w**2 - w - 1. What is the units digit of h(m)?
5
Let k(c) = -c**2 - 22*c - 12. What is the units digit of k(-11)?
9
Let o be -9*1*(-16)/12. Suppose -178 - o = -5*q. What is the units digit of q?
8
Suppose -i = -0*i. Suppose -3 = -3*r - i*r. What is the units digit of r?
1
Suppose 4*d + 3 = 15. What is the units digit of d?
3
What is the hundreds digit of ((-356)/6)/((-5)/15)?
1
Let s(p) = -2*p + 11. Let i be s(4). Suppose -i*n + 124 = n. What is the tens digit of n?
3
Suppose 0 = -0*v - 4*v + 368. What is the units digit of v?
2
Suppose -101*l + 103*l = 94. What is the tens digit of l?
4
Let x be (2/((-6)/(-3)))/1. Let o = 2 + x. Suppose -2*z - o*c = -7*z + 22, 0 = 2*c + 8. What is the units digit of z?
2
Suppose 2*n = 3*r + 79, 0 = -5*n - 5*r + 65 + 145. What is the units digit of n?
1
Suppose 0*w + 4*w - 844 = 0. What is the tens digit of w?
1
Let l = -5 + 10. Let w = 0 + l. Suppose 2*i + 39 = 6*i - d, 5*d = w*i - 45. What is the units digit of i?
0
Suppose 10 = w - 7. What is the units digit of w?
7
Let v = -868 + 1220. What is the units digit of v?
2
Suppose 0 = -3*z + 634 + 14. What is the hundreds digit of z?
2
Let i be (-2)/(-7) + (-19)/(-7). Suppose 0 = -i*c - 4 + 13. What is the units digit of c?
3
Let m = -177 - -257. What is the units digit of m?
0
Suppose 3*z - z + 5*i = -4, 5*z - i - 44 = 0. Let f = z - 2. What is the units digit of f?
6
Let q(x) = 2*x**2 - 2*x - 7. Let j be q(-3). Let n = 2 + 21. Suppose j + n = 4*p. What is the units digit of p?
0
Let k be 2*(-3)/6 + 5. Suppose f + 44 = k*u, -u + 6 + 5 = -4*f. What is the tens digit of u?
1
Let i(d) = d**3 - 5*d**2 + 3*d + 2. Let c(q) = q. Let v be c(5). Suppose -2*f - t = -v, -3*f + t + 9 = -11. What is the tens digit of i(f)?
1
Let z(o) = o**3 - 5*o**2 + 4*o + 2. Let p be z(4). Suppose 0 = -5*q + p*q - 9. Let k = 5 + q. What is the units digit of k?
2
Suppose 2*t + 15 = 7*t. What is the units digit of (-2)/(-3)*t - -13?
5
Let m be ((-90)/(-24))/(2/8). Let n = m - -19. What is the units digit of n?
4
Suppose 7 + 271 = 2*t. What is the tens digit of t?
3
Suppose -f - 1 = -1